 4. Let g(t) = -10*t - 5. Let i(d) = -5*g(d) - 6*x(d). Calculate i(l).
9
Let r(m) = m**3 + 6*m**2 + 5*m + 6. Let f(y) = y + 4. Let q be f(5). Let s = 4 - q. Determine r(s).
6
Let m(n) = 3*n + 6. Let x(o) = -o - 3. Suppose 1 = -2*d + 5. Let i(g) = d*m(g) + 5*x(g). Suppose -z + 2 + 1 = 0. Determine i(z).
0
Let c = -404 + 407. Let m(u) be the second derivative of -1/6*u**c + 3*u**2 + u + 0. Determine m(0).
6
Let i(r) = 12*r**2 + 5. Let s(v) = v**2 + 1. Let c(m) = -3*i(m) + 15*s(m). Let a(g) = g**3 - 2*g**2 + 1. Let t be a(2). What is c(t)?
-21
Let f be 0/19 + 1 + (-2 - 1). Let a(t) = -5*t**2 + 3*t + 1. Give a(f).
-25
Let o be 6*(-7)/(42/4). Let d(x) be the second derivative of x**3/6 + 9*x**2/2 - 265*x. Give d(o).
5
Let i(t) be the second derivative of -t**3/6 + 5*t**2 + 192*t. Determine i(5).
5
Let w(d) = d**3 + 6*d**2 - 7*d - 7. Suppose -2*o + 3 = -o. Suppose 2*c = -0*c + 5*z - 39, -o*c - 26 = -z. Give w(c).
-7
Let p(h) = -108 + 4*h + 108. Suppose -2*v - 4*i = 4, -3*v - 3*i - 9 = -0*v. Calculate p(v).
-16
Let n(b) = b**2 + 6*b + 3. Suppose -2*v = -2*t - 2*t + 146, 2*v + 5*t = -119. Let y = -71 - v. What is n(y)?
-5
Let u(i) be the first derivative of 2*i**2 - 4*i - 15 + 1/3*i**3. Give u(-4).
-4
Let w(b) = -b**3 + 5*b**2 + 9*b - 2. Let j be w(6). Let u = j + -13. Let i(v) = -2 + 2 - v + u. Calculate i(7).
-4
Let b(w) be the third derivative of -w**4/6 + w**3/3 - 3*w**2. Let z(l) = 5*l. Let i be z(1). Suppose -5*y = 5*q - 25, 0 = -2*q + i*y - 9 - 2. Give b(q).
-6
Let k(g) be the third derivative of 3*g**5/20 + g**4/24 - g**3/6 + g**2. Let p = -152 - -72. Let n be 32/p*5/(-2). Determine k(n).
9
Let p(c) = -27*c**2 + 11*c - 4. Let z(j) = 54*j**2 - 27*j + 10. Let l(q) = 5*p(q) + 2*z(q). What is l(1)?
-26
Let h(x) = x**2 + 10*x - 6. Let j be h(-9). Let i = -22 - j. Let g(c) = 2*c + 5. What is g(i)?
-9
Suppose 6*k = 25 - 7. Let w(b) = 0*b**3 + b**2 - 15*b**3 - b + 2*b + 10*b**k + 1. Determine w(-1).
6
Let c(n) be the first derivative of -n**3 + 2*n + 5/2*n**2 - 1/4*n**4 - 4. Let g be c(-4). Let l(v) = 3*v + 3. Calculate l(g).
-3
Let o be -1*1*(4 + 0). Let b(q) be the second derivative of -18*q - 1/6*q**3 - 2 + 1/2*q**2. Calculate b(o).
5
Let v(o) = o**3 + 7*o**2 + 7*o + 5. Let u be v(-6). Let n(l) be the first derivative of -1/2*l**2 - 6*l**3 + 0*l - 95. Calculate n(u).
-17
Let j = -12 - -14. Let f(q) = -3*q**2 - 6*q - 7. Suppose k = -k - 4. Let h(g) = g**2 + 3*g + 3. Let w(s) = k*f(s) - 5*h(s). Calculate w(j).
-3
Let f(p) be the second derivative of p**5/24 - p**4/12 + 5*p**3/3 - 14*p. Let u(n) be the second derivative of f(n). Determine u(2).
8
Let f(n) = 2*n**2 + 5*n + 10. Let r(b) = 1. Let d(s) = -f(s) + 6*r(s). What is d(-3)?
-7
Let x(s) = 5*s**3 + s**2 + s - 4. Let z = 12 + -8. Suppose z*j + 5 = 13. Let d(v) = -v**3 + 1. Let p(y) = j*x(y) + 9*d(y). What is p(-2)?
-3
Let b(l) be the third derivative of -l**6/120 - l**5/10 - l**4/8 + l**3/6 - 92*l**2. Give b(-6).
19
Let l(z) be the first derivative of -z**2/2 + 9*z + 311. Give l(7).
2
Let m(u) = u - 21. Let a be ((-34)/6)/(1*(-4)/12). Let s be m(a). Let q(i) be the first derivative of i**4/4 + i**3 - i**2 + 3*i - 2. Determine q(s).
-5
Let o(a) = -24*a**2 + 5 + 1 - 2*a + 0*a + 22*a**2 + a. What is o(3)?
-15
Suppose 5 - 17 = -4*x. Let z = 10 + -6. Let h(j) = j**2 - 4*j - x + 4*j**2 - 2*j**2 - z*j**2. Determine h(-4).
-3
Let b(g) = -34*g - 1 + 83*g - 48*g. Let h(z) = -10*z + 11. Let d(i) = 4*i + 2. Let p be d(-5). Let n(v) = p*b(v) - 2*h(v). Calculate n(6).
8
Suppose -5*l + 10 = -7*q + 2*q, l + 5*q = 2. Let r = 25 - 23. Let z(c) = -c - c + r*c + 2*c. Determine z(l).
4
Let n = 5 - -10. Let m be 4 - n/3 - 3. Let t(v) = 11*v**3 + 6*v**2 - v + 13. Let c(k) = 5*k**3 + 3*k**2 - k + 6. Let s(a) = 9*c(a) - 4*t(a). Give s(m).
6
Let n(l) be the second derivative of l**8/6720 - l**7/2520 + l**6/720 - l**5/8 + 2*l**4/3 - 14*l. Let g(x) be the third derivative of n(x). Determine g(0).
-15
Let s(k) be the first derivative of k**3/3 - 2*k + 84. Determine s(0).
-2
Let s(k) = -3*k**3 + 7*k**2 + 1. Let g(p) = -13*p**3 + 28*p**2 + 4. Let o(i) = 2*g(i) - 9*s(i). Calculate o(7).
-1
Let m be ((-56)/(-12))/((-16)/24). Let v(g) = g**3 + 7*g + 8*g**2 + 0*g + g. What is v(m)?
-7
Let i(d) = -d**3 - 1 + 0*d**2 + 3*d**2 + 61*d - 3 - 57*d. Suppose -2 - 14 = -4*k. Give i(k).
-4
Let x(c) = -c**3 - 11*c**2 + 12*c - 6. Let a(o) = o**3 - 12*o**2 - 5*o + 48. Let y be a(12). Determine x(y).
-6
Let x(d) be the third derivative of d**5/60 - d**4/3 + 11*d**3/6 + 139*d**2. Calculate x(5).
-4
Suppose 0 = -5*r + 10, 3*j - 2 = 6*r - r. Let y(u) = -u**2 + 10*u - 9. Determine y(j).
15
Suppose -m + 9 = -0*m. Let y(d) be the first derivative of d**2/2 - 4*d + 574. Give y(m).
5
Let t(k) = -6*k - 24. Let x(w) = w - 4. Let r(d) = t(d) - 4*x(d). Determine r(-6).
52
Suppose 5*p + 5*d - 25 = 0, 3*p - 4*d = 8 + 28. Suppose 4 = -7*h + p*h. Let x(l) = 3*l - 4. What is x(h)?
8
Let p be (13/2)/(5/10). Let u = -10 + p. Let l(z) = 3*z**3 + z + 0 - 3 + u*z - 4*z**3. Calculate l(2).
-3
Let h(k) = 3*k**2 + 6*k - 7. Let y be h(7). Let x(n) = -365*n + 9 + 188*n + y*n - n**2. Suppose 5 = i, 4*s + i - 38 = -i. Calculate x(s).
-5
Suppose 10*q = 16*q - 48. Let t(d) = -10 + d**2 - 26*d**3 - 2*d + 11*d**3 - q*d**2 + 14*d**3. Determine t(-7).
4
Let d(b) = -b**2 - b**2 - 4*b + 2*b. Suppose 87*f - 94*f = 21. Give d(f).
-12
Let l(t) = -2*t**2 - 2*t + 3. Let s = -148 - -150. Suppose 8 - 2 = -s*v. Give l(v).
-9
Let s(d) = d**3 + 3*d**2 - d - 2. Suppose 0 = -6*p + 4*p + 3*t + 19, 4*p - t - 13 = 0. Determine s(p).
16
Suppose -8 = -3*h - 2*t + 3*t, 0 = 4*h - 4*t - 16. Let d(g) = g**3 - g**2 - 3*g + 1. Give d(h).
-1
Let g(j) = 4*j**2 - j - 3. Let w be 14/4*(-7 - 53/(-7)). Give g(w).
11
Let h(q) be the third derivative of q**8/20160 - q**7/1680 - 7*q**6/720 + q**5/5 + 4*q**2. Let b(m) be the third derivative of h(m). What is b(5)?
3
Let x(n) be the second derivative of -1/3*n**3 + 0*n**2 - 27*n + 0 - 1/12*n**4. Suppose -2*u - 2*u - 16 = 0. What is x(u)?
-8
Let x(p) = -1. Suppose 2*t + 5*s = 29, 3*t + 4*s - 25 - 1 = 0. Let k(m) = 2*m**t - m**2 - 4*m - 6 + 3 + 5*m. Let b(q) = -k(q) + 2*x(q). What is b(0)?
1
Let o(z) = -z + 11. Let y(p) = -71*p**3 + 28*p + 21*p**2 + 70*p**3 - 19 + 5*p**2. Let w be y(27). Calculate o(w).
3
Let s(w) = w**3 + w**2 + w + 1. Let l(f) = f**3 - 6*f**2 - 8*f - 2. Let o(k) = -l(k) - 5*s(k). What is o(2)?
-41
Suppose 8*y + 4*m - 60 = 4*y, 0 = y + 3*m - 7. Suppose -14 - y = 11*f. Let x(k) = -k**2 - 5*k - 2. Calculate x(f).
4
Let d = 91 - 82. Let x(u) = 43 - 2*u + 39 - 83 - d*u**3. What is x(-1)?
10
Let h(x) be the third derivative of x**5/60 - 7*x**4/24 + 5*x**3/3 + 374*x**2. Let c = 15 + -8. What is h(c)?
10
Let f(j) = -j**2 + 6*j + 23. Let q be (207/(-138))/((-6)/32). Determine f(q).
7
Let p = -1 + 1. Let t be p/(3/(9/(-6))). Let o(q) = -q**3 - q**2 - 1. Let c(g) = -3*g**3 - 3*g**2 - g - 2. Let w(u) = c(u) - 4*o(u). Give w(t).
2
Let a(n) be the third derivative of n**5/40 + n**3/6 - 2*n**2. Let b(g) be the first derivative of a(g). What is b(-5)?
-15
Let h(x) be the third derivative of -x**6/120 + 7*x**5/60 - x**4/24 + 4*x**3/3 - 3*x**2. Let m = -2568 + 2575. Give h(m).
1
Let f be (-30)/(-18)*-3 - -10. Suppose 25 = f*h, -24 = -k + 5*k - 4*h. Let x(u) = 16*u. Determine x(k).
-16
Let l(h) = -99*h - h**3 + 0*h**2 + 93*h + 2*h**3 - 5 - 6*h**2. Calculate l(7).
2
Let q = 29 - 41. Let h be (-1 + 1)/(q - -13). Let t(l) = l**3 + l + 4. What is t(h)?
4
Let j(f) = -4*f + 22876 + 4*f**2 - f**3 - 22876. Let c = -1 + 1. Suppose -2*n - 2 + 8 = c. Determine j(n).
-3
Suppose 0*m - m + 2 = 0. Let z(l) = 21*l**2 - 19*l + 56. Let r(i) = -10*i**2 + 9*i - 26. Let d(h) = 13*r(h) + 6*z(h). Give d(m).
-12
Suppose -14*d = -12*d - 14. Let z(a) = d*a - 5*a - 4*a. What is z(2)?
-4
Suppose j + 172 = 4*q + 45, -5*q - 4*j + 143 = 0. Let b = 58 - q. Let c = b + -28. Let x(a) = 6*a. Determine x(c).
-6
Let y(n) = -n**3 - 8*n**2 - 7*n - 4. Let g be 12/6*(2 - 1). Let b(z) = z**2 + z - 1. Let p(w) = g*b(w) + y(w). Calculate p(-6).
24
Let r(k) = -4*k + 19. Let i(x) = 5*x - 23. Let w(f) = 3*i(f) + 4*r(f). Suppose -h + 10 = 2*o - 0*o, o - 2 = -2*h. What is w(o)?
1
Let n(c) = -5449*c + 5*c**2 - c**3 + 5450*c + 8 - 10. Give n(5).
3
Let x(p) = 2*p**3. Let r be x(1). Suppose -45 = -5*w - y - r*y, -y